 a be (-10)/125 - 39754/(-50). Suppose a = -5*p + 10330. Is p prime?
True
Is (-9)/36*121883*-4 a composite number?
False
Let g = 275 + -255. Suppose 0 = -4*z + g, -z + 0*z = h - 4308. Is h a prime number?
False
Let d(o) = 21*o**2 - o - 3. Let b be d(3). Suppose -3*y + 148 = 4*v - 5*y, -2*y - b = -5*v. Suppose -36*a = -v*a - 223. Is a a composite number?
False
Suppose -2*w = -v + 3*w - 25018, 75044 = -3*v + 5*w. Let p = v - -37336. Is p a composite number?
False
Let u(k) = -914*k - 567. Is u(-10) a prime number?
True
Let g = -8310 + 14857. Is g a composite number?
False
Let b(f) = 7388*f - 2545. Is b(9) a composite number?
True
Suppose -3*f = -4*u - 108321, 7*f - u - 180518 = 2*f. Is f prime?
False
Let d be (-8 - -15953) + 6/(-1). Suppose -4*i = -3*g + 11939, 5*g - d - 3951 = 5*i. Is g a prime number?
False
Suppose 4*c - 34 = 5*c. Let s = 50 + c. Suppose 3*i = 2*m + 133, 3*m + 19 = i - s. Is i prime?
True
Let x be (27/(-6) - -3)*(2 + -4). Suppose q + 4*b - x*b = 589, 4*q + b - 2347 = 0. Suppose -n + q = 3*y, -5*n - 4*y - 30 + 2905 = 0. Is n prime?
True
Let t(z) = z**3 - 3*z**2 - 16*z + 16. Let j be t(6). Suppose h + 5*s - 17 = 0, h - 4*s = -0*h - j. Is ((-2756)/h - 2)/((-3)/(-6)) prime?
False
Let x(w) = 16*w + 53. Let a be x(-3). Let z(v) = 1490*v - 71. Is z(a) prime?
False
Let v = -58768 + 156209. Is v prime?
True
Suppose -2*g + 31416 = 9*g. Let w = g - 1199. Is w a prime number?
True
Suppose i - 322 = f, 2*i = -2*i + 5*f + 1291. Let b(r) = r**3 + 2*r**2 - 13*r - 84. Let z be b(-8). Let u = i - z. Is u composite?
False
Suppose -8*t - 35 = 37. Let m(z) = -z**3 + 14*z + 4 - 7*z**2 - 4*z**3 + 9 + 4*z**3. Is m(t) a composite number?
True
Let m = 483060 - 325667. Is m composite?
False
Let g be (-64)/20*150/(-12). Let y(s) = -g*s - 5 + 2 - 2 + 275*s**2 + 41*s. Is y(2) a prime number?
True
Suppose 0*y = y - 8. Let s be ((-20)/(-12) - (-3)/9)/2. Is (y/(-12) + s)*5541 a composite number?
False
Let g(f) be the third derivative of f**5/20 + f**4/4 + 5*f**3/2 - f**2. Suppose -25 = 9*v + 29. Is g(v) prime?
False
Let r(g) be the third derivative of -g**6/120 + g**5/60 + 4*g**3/3 + 30*g**2. Let w be r(0). Is 3 + (w/4 - 1) + 4191 composite?
True
Suppose 4*i + 204474 = 2*m, -273*m - i = -278*m + 511122. Is m composite?
True
Let s(u) = 1199*u + 16. Let g be s(6). Let n = 14559 - g. Is n a composite number?
False
Let y be -1*(-2)/4*0. Suppose 6*s + 4 - 16 = y. Suppose s*d = 4*d - 2*m - 176, 5*m - 183 = -2*d. Is d a composite number?
False
Suppose -4*h + 3*t + 127 = 0, 0 = -h - 3*h + 5*t + 121. Let d be (10320/(-45))/(-16) + 8/(-6). Let y = h + d. Is y composite?
False
Let z(i) be the third derivative of 5*i**4/12 - 17*i**3/6 - 113*i**2. Is z(34) prime?
False
Let t = 768 + -762. Suppose t*x - 1131 = 2115. Is x a prime number?
True
Suppose -19*t + 12*t = 37387. Let z = t + 14846. Is z a prime number?
False
Let d(u) = 7*u**2 - 16*u - 2. Let r be d(12). Suppose -7*s - 2188 = -3*s. Let w = r + s. Is w composite?
True
Suppose 0 = 5*c + 4*j - 120681, -5*j + 2807 = -5*c + 123452. Is c a prime number?
True
Let z = 357 - 158. Let v be -30*z/(-4) + (-1)/2. Suppose 6*m = 1850 + v. Is m composite?
False
Suppose -t - 4*s - 8 = -5*t, 2 = -4*t - s. Is 75787/4 - (t + 5/(-20)) a composite number?
False
Suppose -12 = 121*x - 124*x. Suppose -5*b - 1051 = -x*v + 202, b = v - 314. Is v a composite number?
False
Let z = 582600 - 274982. Suppose -119277 = -35*b + z. Is b a prime number?
True
Suppose -4*i = -4*o + 2152687 - 300715, i - 4 = 0. Is o a prime number?
False
Suppose 0 = -3*v - s + 31696, v - 3*v = 3*s - 21133. Let x = v + -5024. Is x prime?
False
Suppose -68*f + 1224594 = -50*f. Is f a composite number?
True
Suppose 32*p - 2062820 = 12*p. Is p composite?
False
Is (-116)/3*(128622/(-136) + 9) composite?
True
Suppose -c + 12 + 5 = 2*k, -4*k = 4*c - 36. Let y be 12/(-16) - (-33254)/k. Let a = y - 2795. Is a a prime number?
True
Let q = -212 - -204. Is ((-428436)/144)/(6/q) a prime number?
True
Let p be (-1)/(-3) - (-142672)/24. Suppose p = 15*m - 7390. Is m a composite number?
True
Let o = -152701 - -214092. Is o a composite number?
True
Let h(d) = 17*d**3 - 6*d**2 + 8*d + 3. Suppose -8 = 2*i - 20. Let s(w) = -w**2 + w + 1. Let q(u) = i*s(u) - h(u). Is q(-5) a prime number?
False
Let n be 3/(-9)*(20 - 20). Is (n + 4)*((-25686)/(-24) - 4) composite?
True
Let y be (-1257)/(-5) - ((-8)/(-5))/4. Let l = 326 - 206. Let i = l + y. Is i composite?
True
Let i(j) be the second derivative of -5*j**3/6 - 4*j**2 - 23*j. Let y be i(-6). Let l(g) = g**3 - 21*g**2 - 2*g - 23. Is l(y) a composite number?
True
Let w(b) = -2*b**2 - 57*b - 17. Let m be w(-28). Suppose -5*l + m = -9, 2*t = 2*l - 2. Suppose 0 = -d + 2*g + 1329, 1344 = 4*d - t*d - 5*g. Is d prime?
True
Suppose 9*i = 45245 + 3904. Is i a composite number?
True
Suppose 7*f - 9*f = 596. Let x = f - -605. Is x a composite number?
False
Let s be (0 + -3)/((-64)/(-14) + -5). Let t(j) = -2*j + 7*j + 1 + s*j + 3*j**2 - 6*j**2 + 3*j**3. Is t(6) a prime number?
True
Let z be (-102)/(-459) - (-50)/18. Suppose -6584 = 2*m - 6*m + 4*u, 0 = u - z. Is m prime?
False
Suppose -2*d - 44*z = -40*z - 342290, 5*d + 3*z - 855676 = 0. Is d prime?
True
Let o = 3137549 + -2036418. Is o a prime number?
False
Let i = -24842 - -74415. Is i prime?
False
Let d(w) = -9*w + 388. Let f be d(41). Suppose -16*q - f*q + 48965 = 0. Is q a composite number?
False
Suppose -4*p + 3*u = 7, 0 = -0*p - 5*p - 5*u. Let l be 1 + -3 - -128*(6 - p). Is l/(-15)*(-20)/8 composite?
False
Let h(v) = v**2 + 13*v - 30. Let r be h(2). Suppose p - 6676 = -b, r = -b - 4*p + 5*p + 6670. Is b prime?
True
Let y be 3 + (1 - -1) + -3 - 44. Let w be ((-142)/(-3) - 3)/((-1)/y). Suppose 5*l - w = 43. Is l a composite number?
True
Is (227456/(-256))/((-1)/2) a prime number?
True
Suppose 2*s - 3*r = 275957, 1262*r + 689909 = 5*s + 1260*r. Is s a prime number?
True
Suppose -4*t + 24 = -3*o, o - 36 = -4*t - 12. Suppose -i = t*i - 46081. Let r = -3682 + i. Is r a prime number?
False
Suppose -3*c + 29 = -5*g, -4*c - 11 = 3*g - 9*c. Is 4428096/672 + 3/g composite?
True
Let q(s) = 9*s + 123. Let v be q(-19). Is 2/12 + (-8872)/v a composite number?
True
Suppose 0 = 19*l - 21*l + 4*z + 14, 5*z = -2*l - 13. Is (-1)/((-11)/(-3597))*l/(-3) a prime number?
True
Is (-3)/2*(-15)/(270/1597884) prime?
True
Let g = -733678 - -1520115. Is g composite?
True
Suppose 13*n = 2*n + 110. Suppose -4683 = -n*h - 193. Is h prime?
True
Let h(q) = -27*q + 2. Let r be h(-2). Suppose r*z - 51*z = 1885. Let y = z - -324. Is y a prime number?
True
Let i(n) = 3*n**2 - 14*n - 4. Let q be i(2). Is (-5)/q + 1 + 4023/4 prime?
False
Let u(h) = -110*h + 7 - 5*h - 122*h. Is u(-4) a composite number?
True
Let b(m) = -193*m - 4493. Is b(-94) a composite number?
False
Let i be 940/8*(-22)/(-55). Suppose 50*k - 26439 = i*k. Is k a prime number?
False
Let s(n) = 974*n**3 - 26*n**2 + 118*n - 39. Is s(8) prime?
True
Let w(q) be the first derivative of -97*q**2/2 - 99*q - 35. Is w(-14) composite?
False
Suppose 0 = 5*o, -98*r + 3*o + 55023 = -97*r - 174058. Is r a composite number?
False
Let q(j) = 265*j**2 + 12*j + 3. Suppose 51*l - 5 = 56*l. Let f be l*4*6/12. Is q(f) a composite number?
False
Suppose 5*y + 50 = 15*y. Suppose 4*b = 4*h - 18652, -3*b = -y*h - 1450 + 24765. Is h a composite number?
False
Let q be 20904 + 12/4 - 0/11. Is (-6)/(-2)*(-2)/((-54)/q) a composite number?
True
Let n(t) = -4*t - 18. Let w be n(-8). Let z be (-6)/42 - 558/w. Is (-1 - 3621)/(z/20) a composite number?
False
Let g(w) = -284*w - 68*w + 47*w - 226*w - 112. Is g(-3) composite?
False
Let q = -431 + 401. Let s(b) = -b**3 + 2*b**2 - 8*b + 1. Let m be s(6). Let t = q - m. Is t a prime number?
False
Let w(o) = 31*o**3 - 5*o**2 - 3*o + 37. Let x be (-9)/(-2) + -18*(-4)/48. Is w(x) composite?
True
Suppose 105211 = 8*p + 3243. Is p composite?
True
Let v(t) = -t. Let m be v(-5). Let u(s) = -2*s**2 + 16 - 4*s + m*s + 139. Is u(0) a prime number?
False
Let q = 202055 - 120774. Is q a prime number?
True
Let t(f) = 3*f + 38. Let u be t(-12). Suppose 10503 = u*k + o, 15*k - 13*k = 2*o + 10488. Is k a composite number?
True
Suppose 0 = 8*v - 56173 + 3445. Suppose 0 = 28*k - 30*k + t + v, 0 = k + 5*t - 3268. Is k a prime number?
False
Let f = 458298 - 25876. Is f a prime num